se
Let p(h) = h**2 + 9*h + 12. Let g be p(-8). Let j(t) = 2*t**2 - 4*t + 3. Is j(g) prime?
True
Let j(l) = 235*l**2 + 3*l. Is j(-2) composite?
True
Let y = -11 + 3. Let i(x) be the third derivative of -x**6/120 - 7*x**5/60 + x**4/4 - x**3/3 - 8*x**2. Is i(y) a composite number?
True
Is 3 + (-3 - -125 - 2) a prime number?
False
Let t be 5*-1 + (-7 - -4). Let i be (-12)/t*4/6. Is (i*-1)/(3/(-129)) composite?
False
Suppose 5*n = -o - 0*o + 15, -9 = 2*o - 3*n. Let w be o*(-3)/6 - 4. Is (134/4)/((-2)/w) a prime number?
True
Suppose -17 = -2*n + 5. Suppose -5*w + n = -14. Suppose -w*f = -o - 14, -5*f + 2*f = o - 26. Is o prime?
True
Let g be (-1088)/(-36) + 4/(-18). Suppose -g = y - 3*y. Is y composite?
True
Let r(p) = 4 + p - 4*p - 5 + p + 10*p**2. Is r(3) a composite number?
False
Let q = -2590 + 12123. Is q composite?
False
Let y = -80 + 195. Is y a prime number?
False
Suppose 2*b - 49 = 7. Is (-2137)/(-7) - 8/b composite?
True
Let q(u) = 4*u**2 - 4*u - 1. Suppose 44 = 2*k + t, -4*k + 5*t - 2*t = -88. Let v = k - 16. Is q(v) prime?
False
Let x be 4/16 - 10/8. Let o(b) = 4*b + 10. Let n be o(8). Let k = n - x. Is k a prime number?
True
Suppose t - 311 = -3*n, 3*t + 6*n - 909 = 3*n. Is t a composite number?
True
Let a(h) = 6*h**2 - 13*h - 1. Is a(-6) prime?
True
Let m = 453 + -290. Is m prime?
True
Let t(h) = 61*h + 4. Let p(d) = -d**2 - 6*d - 2. Let z be p(-5). Is t(z) prime?
False
Suppose -w - 4 = -3*w. Is (-14)/1*(-1)/w composite?
False
Is 35*((-32)/(-20) + -1) composite?
True
Let s = 3 - 0. Suppose 3*d - 5*h = -14 + 3, -s*d + 13 = h. Is (-109)/(-2) - d/(-6) a composite number?
True
Let l(x) = -x**3 + 8*x**2 + 3*x - 3. Let f be l(8). Is 1/(-3) - (-1834)/f a composite number?
True
Let z(v) = v**3 + 11*v**2 + 7*v - 3. Let n be z(-10). Let g be 0 + -1 + -14 + -1. Let k = g + n. Is k composite?
False
Suppose -7*q + 6*q + 1407 = -2*w, 0 = 3*q - 3*w - 4206. Is q composite?
True
Let g(k) = 0*k**2 + k - 2*k - 2*k**2. Let n be g(-1). Is (-47 + (-1 - -1))*n composite?
False
Let i = -8 + 14. Is i a prime number?
False
Let w(y) = 51*y**3. Let n(f) = f + 4. Let k be n(-3). Is w(k) a composite number?
True
Suppose -d - 2*f = -7, -2*d - 3*f = -10 - 2. Let q(o) = 12*o**3 - 3*o**2 + 4. Is q(d) prime?
False
Suppose 0 = 3*l + 68 - 2186. Is l composite?
True
Suppose -2*a + 3*a - 123 = 2*n, -603 = -5*a + 4*n. Is a composite?
True
Let j(a) = a**3 - 4*a**2 + 3*a + 2. Let w be j(3). Suppose -4*r + 598 = w*n, 2*r - 296 = -n + 3*n. Is r composite?
False
Let i(g) be the second derivative of -g**4/12 - 7*g**3/3 - g**2 - 3*g. Is i(-11) a composite number?
False
Suppose 5*p + l - 130 = -4*l, -2*p = -5*l - 73. Let z be 19*4/8*-2. Let k = p + z. Is k a prime number?
False
Let y be (-15)/(-6)*4/5. Let a be (-1 + y - 0)*1. Let d = a - -1. Is d composite?
False
Let o be (-3)/(0 - 9/6). Let s(a) = 19*a - 1. Let b be s(o). Let h = 68 - b. Is h a composite number?
False
Let o(l) = 118*l - 1. Let s be o(1). Let i be 1 - (2 - 3 - 204). Let c = i - s. Is c composite?
False
Is (102576/(-32))/((-3)/4*1) a prime number?
False
Let d(c) be the third derivative of -5/6*c**3 - 1/60*c**5 + 0 + 25/24*c**4 + c**2 + 0*c. Is d(10) prime?
False
Suppose -3*o = -2*o + l + 2, 2*l + 10 = -3*o. Let i(m) = m + 9. Let n be i(o). Is 39 - 1/(n/6) a prime number?
True
Suppose 3*h + 16 = -2*n + 4*h, -4*h = -n - 1. Let l = n + 16. Is l prime?
True
Suppose -2*o + 33 + 25 = 2*b, -25 = -o - 2*b. Is (1 - (2 + -2))*o prime?
False
Let o(u) = 39*u**2 - 2*u + 1. Is o(-3) a prime number?
False
Suppose -6*m + 1055 = -m. Is m a composite number?
False
Let f be 2 + (647/(-1) - 4). Let t = f - -1044. Is t prime?
False
Let h(g) = -g**2 - 1. Let t(l) = 2*l**2 + 2*l - 1. Let b(n) = -h(n) + t(n). Let f be b(-2). Suppose -f = 3*r - 71. Is r a prime number?
False
Let f(s) = -3*s**3 + s**2 + 0*s**3 + 3*s**3 + 2*s - s**3 - 3. Let p be f(-3). Suppose -5*m + p = -28. Is m composite?
False
Let r = 42 + -21. Let m be 6*(-4)/(24/r). Let q = 16 - m. Is q a prime number?
True
Let y be 0*(2 + 9/(-6)). Suppose -m - m + 120 = y. Suppose -m + 226 = 2*b. Is b prime?
True
Let h(s) = s**3 - 6*s**2 + 5*s + 5. Let b be h(5). Suppose b*x - 553 = 82. Is x a prime number?
True
Let m(q) = q**3 + 11*q**2 - q - 2. Is m(-7) prime?
False
Suppose -2*n - 8 = -2*z + z, 3*z + n - 3 = 0. Suppose 9 = -b + z*b. Suppose b = -3*g + 54. Is g a prime number?
False
Let l = 1001 + -508. Is l a prime number?
False
Let q(j) = j**2 - j. Let a(m) = 5*m**2 - 10*m + 5. Let z(u) = -a(u) + 4*q(u). Let p be z(4). Is -1*-37*3/p prime?
True
Let p = 343 + 2310. Is p prime?
False
Suppose 20 = 4*a, -2*a = -4*l - 4*a + 2462. Is l a composite number?
False
Let c = -1 + 5. Let b = c - -5. Suppose 42 - b = f. Is f a composite number?
True
Let s be -62*1/((-1)/4). Let i = -118 + s. Suppose 3*m + i = 8*m + 5*d, 73 = 3*m + 2*d. Is m a composite number?
True
Let w = 1177 - 806. Is w a prime number?
False
Let x(y) = -4 + 6 + 91*y - 11*y + 13*y. Let o be x(3). Suppose -5*q + 4*i = -505, -3*i - 5 = 3*q - o. Is q composite?
False
Let n = 1306 + -468. Suppose n - 123 = 5*w. Is w a prime number?
False
Let i be (-390)/(-4) + 30/20. Let r = -6 + 9. Suppose r*y - 6 = i. Is y composite?
True
Let q be 800/(-2) + 0 + -1. Let v = -148 - q. Is v composite?
True
Let x = -22 + 48. Suppose z - c - x = -6*c, -20 = -5*z - 3*c. Is 11 - (0 - (-1)/z) a composite number?
True
Let o be 4/(-5)*(7 - 2). Let l = 8 + o. Suppose -3 - 1 = k, -11 = -3*g - l*k. Is g a prime number?
False
Let f be 64/1 + (-5 - -6). Suppose 3*a + 2*a = -3*w + f, -w + 65 = 5*a. Is a composite?
False
Suppose -3*u - 22 + 1180 = 0. Let t = u - 241. Is t a prime number?
False
Let s = -22 + 48. Let m = s - -21. Is m a prime number?
True
Suppose 0 = -2*i + 48 + 32. Suppose 10*z - 5*z + i = 0. Is (-26)/z + 3/(-12) a composite number?
False
Let g = 590 - 405. Is g a composite number?
True
Let h be 10/(-45) - 128/(-9). Suppose a = 5*k + 6, h + 29 = 4*a - k. Let w = a - -10. Is w a composite number?
True
Let u be (1 - -2)/(-3)*-11. Suppose u - 116 = -5*k. Is k prime?
False
Let s = 5 + -3. Suppose -3 - 1 = s*y. Is y/(-8) + 33/12 a prime number?
True
Suppose -5*o = 2*c - 185, 0 = -3*c + o + 194 + 92. Suppose -g + 2*y + c = 0, 2*g + 3*y = -g + 267. Is g a composite number?
True
Suppose 0 = 4*r + r. Suppose r*d - 1975 = -5*d. Is d a composite number?
True
Suppose -4*d + 182 = 5*w - 7*d, 0 = 5*w - 4*d - 181. Is w a composite number?
False
Suppose x + 1666 = 3*h - 1166, 0 = 5*x + 15. Is h a composite number?
True
Suppose 6139 = b + 6*b. Is b composite?
False
Let u be 0 + (-3 - -1) - -44. Let j be u + (2 + -1 - 1). Is ((-33)/(-6))/(3/j) composite?
True
Suppose 2*s + n - 7 = 0, 5*s - 6*n - 22 = -4*n. Let f be (2 + (-89)/s)*-4. Suppose -229 = -4*i - f. Is i a prime number?
True
Suppose 17*k - 43487 = 22524. Is k composite?
True
Let w = -33 - -124. Is w prime?
False
Let n = 11 + -8. Suppose n*x - 12 = -4*o - x, 0 = 3*x + 15. Is 221/4 + (-2)/o a prime number?
False
Suppose 0 = 4*m - m. Suppose -2*o + 6*o - 12 = m. Suppose 318 + 39 = o*t. Is t composite?
True
Let n(i) = 261*i + 2. Is n(3) a prime number?
False
Let a(m) = -80*m**3 - m**2 - 1. Is a(-2) prime?
False
Let l(z) = z**3 - 2*z**2 + 3*z. Let v(m) = -m + 2. Let h be v(0). Is l(h) prime?
False
Let l be (-7)/(7/(-80)) - -1. Suppose -5*z = 20, s - 5*s - 148 = -5*z. Let d = s + l. Is d a prime number?
False
Suppose -5*f + 455 = 5*u, -63 - 38 = -u + 4*f. Suppose -3*o + 461 = -4. Suppose 4*r + o = 5*t + r, -5*r = 3*t - u. Is t a composite number?
False
Suppose 3*v = -4*t - 479, 0 = 2*v + 4*t + 420 - 106. Let i(x) = -81*x - 2. Let u be i(-4). Let o = u + v. Is o composite?
False
Let y be (-1 + 2)/(3/45). Let c = y - 1. Is c a composite number?
True
Let j be ((-342)/3)/(-2) + 2. Suppose l = 2*l + j. Let u = l + 126. Is u a composite number?
False
Suppose -5*b + 6905 = -2*j, 0*b - 3*j - 2762 = -2*b. Is b a composite number?
False
Let y(o) = 90*o + 7. Let r be y(-6). Is 4/24 - r/6 prime?
True
Let t(n) = n**3 + 6*n**2 + 2*n. Let c(x) = -x**3 - 5*x**2 - x - 1. Let o(u) = -6*c(u) - 5*t(u). Let z = -29 - -34. Is o(z) a prime number?
False
Suppose -3*v - 4 = -2*v. Let n(i) = -3*i + 31*i**2 + 35*i**2 - 63*i**2 - 1. Is n(v) prime?
True
Is 446*((-2)/3 - 266/(-84)) a prime number?
False
Suppose -6*v - 4 = -2*v. Let g b